and 6.
6
Suppose o + i + 11 - 44 = 0, 2*i = -o + 33. What is the greatest common factor of o and 363?
33
Let h(t) = -t - 12. Let a be h(-12). Let k be (-140)/(-7)*(1 + a). What is the greatest common factor of 8 and k?
4
Let n = 13 + -9. Suppose -3*f = n*k + 154, -3*f + 17 = -2*k - 69. Let i = 84 + k. Calculate the greatest common divisor of 11 and i.
11
Suppose -k + 1 = -0*k, -165 = -4*o - 5*k. Let b = -19 - -29. Calculate the highest common factor of b and o.
10
Let x be ((-13)/(-2))/((-3)/(-66)). Suppose -16*j + 99 + 109 = 0. What is the greatest common factor of j and x?
13
Let c be (-1 - -4)*10/(-3). Let s = 25 - c. Calculate the highest common divisor of 14 and s.
7
Suppose 3*r - 4*m - 38 - 15 = 0, 3*m = -3*r + 18. Let p = 15 + -4. What is the highest common divisor of p and r?
11
Let y be (-2)/4 + 15/6. What is the highest common factor of y and 2?
2
Let a(o) = -16*o - 4 + 0 + 5 - 5. Let b be a(-3). Let l(m) = 2*m**2 + 2*m - 1. Let c be l(2). Calculate the greatest common factor of b and c.
11
Let j(z) = z**3 - 6*z**2 + 2*z - 7. Let p be (12/14)/(4/(-28)). Let y = p - -12. Let t be j(y). What is the highest common factor of t and 5?
5
Let y be 198/(4/20*5). What is the highest common divisor of y and 22?
22
Let x be 64 + (-4)/6*-3. Calculate the greatest common divisor of x and 6.
6
Suppose q + 3*q - 5*o - 30 = 0, 22 = 4*q - o. Calculate the highest common factor of 35 and q.
5
Let a(n) = 2*n**2 + 6*n + 3. Let p be a(5). Suppose 0 = 5*h - 232 - p. Calculate the highest common factor of 7 and h.
7
Let c(p) = p + 68. Let h be c(0). Suppose 2*o + o + x - 48 = 0, 0 = -o - 4*x + 5. Calculate the highest common divisor of o and h.
17
Let v(a) = -a**3 + 6*a**2 - 2*a + 11. Let y be v(5). What is the greatest common divisor of 39 and y?
13
Let n = -68 - -116. Calculate the highest common factor of 60 and n.
12
Suppose 2*t = -0*t. Suppose -2*r + 6*r + 2*g - 72 = t, 0 = 3*r - 4*g - 32. Let s be 5/((-2)/80*5/(-2)). Calculate the greatest common factor of r and s.
16
Let d(v) = 2*v**2 + 2*v + 7. Let u be (-6)/9*63/6. Let n be d(u). Calculate the highest common factor of n and 13.
13
Suppose s - 5*r = -4*s + 315, 0 = -4*s + 3*r + 257. Let f be s/6 - 2/(-3). Calculate the highest common divisor of 30 and f.
6
Let g = 73 + -36. Calculate the highest common divisor of 37 and g.
37
Let h be 95 - (0/3)/(-2). What is the highest common divisor of h and 19?
19
Let g = -23 - -50. Let f = 2 - -16. Calculate the greatest common divisor of g and f.
9
Let d(v) = 3*v - 4. Let k(f) = -4*f + 5. Let n(j) = 3*d(j) + 2*k(j). Let a = -6 - -9. Let w be n(a). What is the highest common divisor of w and 8?
1
Let q(s) = 10*s + 3. Let r(i) = 31*i + 8. Let p(v) = 11*q(v) - 4*r(v). Let x be p(-2). Let m = x - -1. Calculate the greatest common factor of 15 and m.
15
Suppose -61 = -2*b - 3*h, 4*b + 0*b = -h + 137. Calculate the greatest common factor of b and 28.
7
Suppose p - 2*k = 2, 2*p - 4*k = -3*p + 16. Calculate the greatest common divisor of p and 4.
4
Suppose -2*a + 14 = 54. Let g = 34 + a. What is the highest common divisor of 35 and g?
7
Let n(w) = -w**3 + 5*w**2 - 4*w + 5. Let c be n(4). Let j = -4 + 6. Suppose q + j*q = 135. Calculate the highest common divisor of q and c.
5
Let a be 8/6*(-27)/(-6). Let q(l) = a*l + 3*l + 2 - 5*l. Let x be q(6). Calculate the greatest common divisor of x and 65.
13
Suppose 4*q = -5*x + 3*x + 110, -2*x - 2*q + 100 = 0. Calculate the greatest common divisor of 9 and x.
9
Let c be 1157/91 - 4/(-14). Calculate the highest common divisor of 39 and c.
13
Suppose 2*m = -72 - 348. Let t = -144 - m. Suppose -35 + 11 = -4*i. Calculate the highest common factor of t and i.
6
Suppose -v = -4*v + 6. Suppose -v*u - 76 = -4*u. What is the highest common factor of u and 95?
19
Let q(l) = l**3 - 10*l**2 - 7*l + 1. Let k be q(11). Calculate the greatest common factor of 15 and k.
15
Let l(d) = d**2 - 32*d - 208. Let o be l(38). Let t be 1/(-3) + (-842)/(-6). Calculate the highest common factor of o and t.
20
Suppose -2*n + 8 = -12. Calculate the highest common factor of 40 and n.
10
Let g = 70 + -10. Let t be -7*(g/(-21) - -2). Calculate the highest common divisor of t and 18.
6
Let j be (-27)/(-15)*30/9. Suppose j*x - 333 = 243. What is the highest common factor of 12 and x?
12
Let y(d) = 17*d - 3. Let f be y(-8). Let u = f - -260. What is the highest common factor of u and 11?
11
Let l be (162/(-21))/((-2)/14). Calculate the greatest common factor of 36 and l.
18
Suppose -2*y + 24 = u - 43, u = -5*y + 160. Calculate the highest common factor of 279 and y.
31
Let h = 16 + -8. Let s be (-3)/((-6)/h) + -3. What is the greatest common factor of 7 and s?
1
Let d = -48 - -96. Calculate the greatest common divisor of d and 12.
12
Let j = 3 + 1. Suppose f + 2*p = 9, -3*f - 11 = -j*f - 4*p. Calculate the highest common divisor of f and 14.
7
Let b(h) = -6*h - 45. Let z be b(-8). Let q = 3 - -3. Calculate the greatest common divisor of q and z.
3
Let a(c) = -1 + 8 + 5 + c. Let w be a(-9). Let u be w/(-2)*(-40)/6. What is the greatest common factor of u and 10?
10
Let k be (8 + -12)*16/(-2). Let u be 1/(-4) + 165/20. What is the highest common factor of k and u?
8
Let c be (2/(-3))/(23/(-414)). Calculate the greatest common factor of c and 6.
6
Suppose 6 = -2*y, r + 19 = -5*y + 5. Let t(m) = 3*m + m**3 + r + 9*m**2 + 6*m + 0. Let z be t(-6). What is the greatest common factor of 5 and z?
5
Suppose -3*d - 17 = 5*w - 10*w, -3 = d - w. Suppose -d - 2 = -k. Calculate the greatest common divisor of 21 and k.
3
Let b = -2 + 9. Suppose -4*h + 112 = -0*h. What is the highest common factor of h and b?
7
Let d(u) = u**3 + 10*u**2 + 6*u + 13. Let m(o) = -o**2 + 4*o - 4. Let c be m(5). Let f be d(c). What is the greatest common factor of 4 and f?
4
Let q(h) = 29*h + 3. Let n(t) = -t + 9. Let v be n(6). Let a be q(v). Calculate the highest common divisor of a and 18.
18
Suppose -5*n = -10, 2*u = -2*u - n + 30. Let s(y) = 14*y + 7. Suppose 3*a - 25 = -2*a. Let d be s(a). Calculate the greatest common factor of u and d.
7
Let r be (-2*2)/(-2) + 1. Suppose 7*b - 68 = r*b. Suppose 68 = -u + 5*u. What is the greatest common factor of b and u?
17
Suppose -3*a + 83 = k + 34, -2*k - 5*a = -94. What is the highest common divisor of 37 and k?
37
Let l(u) = u**3 + 9*u**2 + 16*u + 15. Let r be l(-7). What is the greatest common factor of r and 11?
1
Suppose 7 = -3*k + 16. Suppose 0 = -p - k*p + 20. What is the highest common factor of p and 55?
5
Let k(r) = -r**3 - 10*r**2 + 13*r + 14. Let b be k(-11). Let w be -10*(-3)/(-15)*b. What is the highest common factor of 8 and w?
8
Let a = 75 + 51. Calculate the highest common factor of a and 18.
18
Let i(j) = -j**3 - 7*j**2 + 9*j + 9. Let m be i(-8). Let v be (0/3 + m)*-6. Let q(n) = n + 11. Let h be q(v). What is the greatest common factor of 45 and h?
5
Suppose -2*t = -6*t + 216. Suppose -3*s = -94 - 14. What is the greatest common divisor of t and s?
18
Let b = 1 + 3. Let h(v) = v**2 + 3*v + 9. Let k(a) = -a - 1. Let i(x) = h(x) + 5*k(x). Let r be i(6). Calculate the highest common divisor of b and r.
4
Let r = -1 + 64. Suppose 3*c - 3 = -2*k + r, -2*c + 32 = k. Let t be -1 + -10*(-2 - -1). What is the greatest common divisor of k and t?
9
Let r = -19 - -41. Suppose 0 = 5*w - 3*w + 4*k - r, -3*w = -k - 5. Suppose 0 = -g + w*g - 20. What is the highest common factor of 15 and g?
5
Let l(j) = 170*j**2 + 1. Let z be l(-1). What is the greatest common factor of 19 and z?
19
Suppose -2*j + 12 = 2*j. Suppose 99 = j*d - 9. Suppose 12 = a + a. What is the greatest common factor of d and a?
6
Let i = -15 - -9. Let n = i - -11. Calculate the greatest common divisor of n and 45.
5
Let v = -294 + 447. Let q = -55 + 72. What is the highest common factor of q and v?
17
Suppose 0 = 16*d - 18*d + 30. What is the highest common factor of 75 and d?
15
Suppose 452 = 26*n + 140. Calculate the greatest common divisor of 4 and n.
4
Let y be (3 - 3)/((-4)/2). Let c(a) = -a + 16. Let z be c(y). Calculate the greatest common divisor of 4 and z.
4
Let x = 13 + -4. Calculate the highest common factor of 63 and x.
9
Let r = -18 + 44. What is the highest common divisor of r and 286?
26
Let d(j) = -j**3 - j**2 + 100. Let p be d(0). Suppose 0*k - p = -2*a + 4*k